lculate -23 + -2 + (4 - (14 + -17 + 6)).
-24
-2 + 128 + (-907 - -951) - 21
149
Evaluate -3 + 18 + 128 + -113.
30
Calculate (12 - 93) + (-2 - -44).
-39
-39 + 1 + 670 + -657
-25
Calculate -90 - -66 - (-2 - -3).
-25
Evaluate 3 + -3 + 10 - (69 + -73) - 40.
-26
Evaluate 30 + (-1 + -1 - ((-24 - 28) + 57)).
23
What is the value of (1 + -13 - (-10 - 27)) + 0?
25
What is -5 + (17 - 25) + 23 + 5?
15
What is 8 + (44 - 45 - 140 - -29)?
-104
What is (-255 - -268) + (3 + 19 - 5)?
30
35 - (1 + 0) - (-1250 + 1269)
15
Calculate (-13 - ((-89 - (10 + -23)) + 11)) + -7.
45
Calculate -4428 - -4469 - (-28 - (-2 - -5)).
72
Calculate 9 - 0 - (177 + -88 + -90).
10
What is the value of 24 + -1 + ((9 - 10) + 6 - 3)?
25
What is the value of -18 - -6 - -7 - -13?
8
Evaluate 42 + -38 - 89 - -21 - -20.
-44
(-19 - 0) + (12 + 27 + -22 - (-2 - -15))
-15
Calculate -415 - -391 - (4 - -23).
-51
Evaluate -10 + (8 - -9) + 0 - -31.
38
Evaluate (41 - 39 - (21 - -4)) + 42 - -22.
41
Calculate -38 + 0 + 7 + -42 + 22.
-51
Calculate (-9 - (-1 - 4) - -5) + 23.
24
What is 14 + -50 - -49 - (4 - (-4 - 1))?
4
Calculate -684 - -756 - (2 + 96).
-26
Calculate (-979 - -992) + (0 - 3) + 31 + -1.
40
What is the value of 2 - (5 + 10 + (-9 + 13 - 14) + -10)?
7
Evaluate (-55 - -49 - (0 + 0)) + (0 - -3) + 0.
-3
Evaluate (67 - -1) + (-11 - -37) + -51 + 13.
56
Calculate -15 + (0 - 14) - 26 - (-4 - (-3 + 1)).
-53
2 + 3 + 14 + (50 - (30 - 17))
56
Evaluate (-64 - -65 - -75) + -78.
-2
What is the value of -16 - (7 - (-28 + 18 + (3 - 10) + 178))?
138
80 - 39 - 42 - (-4 + 2) - -10
11
Evaluate -13 - (70 - (33 + 43)).
-7
What is -48 + -36 + (-29 + 37 - -13)?
-63
Evaluate 24 + -51 + 28 + -10 + 2 + 0 - 18.
-25
Evaluate -56 - 4 - -1 - (3 + -16 + (13 - -13)).
-72
What is the value of 7 - ((-18 - -19 - 13) + -4)?
23
57 - 103 - ((3 - 11) + -7)
-31
What is the value of (4 - -1) + (40 - (75 + -48 + 18))?
0
Calculate 64 - (9 + 57) - 50.
-52
Calculate (17 - (14 + -10)) + -53 + (5 - 6).
-41
Calculate -100 + (-74 - -82) + 190.
98
Evaluate -128 + (212 - -24) - 50.
58
Evaluate -5 + -7 + (-1 - (24 - 5 - 3)).
-29
404 + -438 - (-3 + 9)
-40
37 + 10 + -67 + 11
-9
(57 - 1) + (1017 - 1076)
-3
22 + -62 - (-1 + (-196 - -22))
135
Evaluate (4 - (59 + -66)) + (-6 - ((-61 - 6) + 4)).
68
Evaluate -30 + (37 - 46 - (-7 - ((20 - 10) + -9))).
-31
Evaluate 82 + (-7 - -31) - 179.
-73
Evaluate (197 + -172 - (-3 - -7)) + -92 - -5.
-66
0 + (-8 - -1) + (63 - (4 - (3 + -11)))
44
What is 33 - (67 - -26 - 127)?
67
What is (-14 - 51 - -126) + -62?
-1
What is the value of 20 + 102 + -106 + 81?
97
What is the value of 3 - 15 - (-7 - 2 - (57 - 47))?
7
Calculate 56 + 35 + (-185 - -29).
-65
What is -86 + (5 - -7) - (2 + -24)?
-52
8 + -14 + -3 + 3 + (3 - -5) + 53
55
What is (-2 + 6 - 116) + -23 + 34 + 8?
-93
(52 - 39) + -31 - 18
-36
Calculate -7 + 1 + 25 + -12 + 29 - 9.
27
-1 - 4 - ((-3 - -10) + (-7 + 0 - -1))
-6
Evaluate -47 - -29 - -63 - 25 - (2 - 0 - -5).
13
What is the value of (10 - (46 + -25)) + -32 + 18?
-25
(80 + -98 - ((4 - -6) + -114)) + -5
81
Calculate -25 + (-71 - -87 - (1 + 134)).
-144
-94 - (3 - -8 - (-86 - -109))
-82
-30 + 58 - (24 + 22)
-18
Evaluate 4 - (-3 - (-4 + 6)) - (45 + -4).
-32
(138 + -64 - 76) + (46 - 1)
43
Evaluate 42 + (-57 - -26) - 45.
-34
Calculate 47 - (117 + (-104 - -89)).
-55
-5 - (-8 + (0 - 0) - 13)
16
What is the value of (-22 + (79 - -27) - 15) + -15?
54
37 + -34 + 57 + 19
79
What is -11 - -22 - 3 - -11 - 67?
-48
Evaluate 23 + (17 - 31) - (4 + -3) - (29 - -2).
-23
What is the value of (-189 - -118 - -78) + (1 - (1 + -14))?
21
What is the value of 0 - (-2 - ((0 - 0) + 42)) - (-3575 + 3566)?
53
4 + 7 + -4 + -2 + -80 + (-9 - 3)
-87
Calculate -26 + (-37 - -36) - 21.
-48
Evaluate 13 + 9 + -31 - (3 - -20).
-32
91 - -1 - (168 + -152 + 14)
62
What is the value of 59 + 149 + (107 - 214)?
101
What is the value of (-6 - (14 + (13 - 8))) + 78?
53
What is the value of (35 - -1 - 84) + 88?
40
What is 5 + (39 - 11) - 1 - 108?
-76
(0 + 47 - (592 + -569)) + 35
59
Calculate (53 - 73) + (-79 - -2) - (-5 - 4).
-88
Calculate (20 - -14) + -24 - 2 - 11.
-3
What is the value of -1 + ((44 - 26) + -18 - (-2 + 6)) + 1?
-4
Calculate (-16 - (-20 + (62 - 45))) + 53.
40
(-31 - (-45 + -5)) + -20
-1
Calculate 8147 - 8080 - (2 - (1 + -1) - (-5 - -1)).
61
Evaluate (0 - 20) + -6 + 45 - -58.
77
Calculate (2675 - 2665) + (-2 - -70).
78
Calculate -4 + (0 - 6 - 23) + (66 - 57).
-24
What is the value of -4 + -50 + -5 + (2 - -9)?
-48
Calculate (-50 - -85) + -46 + (1 - -6) + 3 - -13.
12
What is -77 + 50 - 3 - (-12 + 2)?
-20
(0 - -6) + -461 + 465 + 9
19
Calculate (-3 - -27) + -45 + 11 + 1.
-9
Evaluate 5 + -1 + 58 - (-28 + 29 + 15 - 22).
68
-6 - -2 - 41 - (10 - (6 - (6 + -11)))
-44
What is 4 - (24 + 0 - (3 + -28 + 37)) - -2?
-6
Evaluate 19 + 6 + (1 - 6) + (-32 - -12 - -17).
17
Calculate (-3 - (7 + -9 - 13)) + (-4 - 7).
1
Calculate 115 + 5 + -2 + (-8 - -6) + -16.
100
Calculate 62 + -33 + -83 + -20.
-74
What is the value of 1 + (-48 + 88 + (0 - 22) - 119)?
-100
(-53 - -70 - -2) + -53
-34
Evaluate -20 + (6 - -8) + -18 + -6 + 22.
-8
Evaluate (2 - -2) + (-3 - (8 - 4 - 4)).
1
What is 6 - (-8 + ((3 - 2) + -3 - (12 + -14)))?
14
Evaluate (11 - -40 - 49) + (3 + 0 - 19 - -1).
-13
-15 - (9 - (112 - -6) - (-38 + 24))
80
What is the value of -374 + 372 - (24 - -16)?
-42
Evaluate 294 - (-56 - -307) - (0 - -160).
-117
Calculate 5 + 17 + 0 - (6 - (15 + (19 - 18))).
32
What is the value of (178 - (2 - -158) - (1 + 3)) + (-1 - -61)?
74
Calculate 16 - (-75 + 81 + -24).
34
Calculate -66 + (6 + 51 - -27).
18
Evaluate -8 + -2 - (-18 + (-31 - -18) - -121).
-100
Calculate (2 - 3 - -25) + (36 - (-29 - (-17 - 53))).
19
-80 - (66 - (79 - -95))
28
Calculate (32 - (-3 + 33)) + 27.
29
What is the value of -45 + (23 - -32) + 2?
12
What is -1 + 40 - (-5260 - -5319)?
-20
Evaluate (-93 - (-12 + -59)) + 83.
61
Evaluate 0 + -7 + -3 + 6 - (25 - 9).
-20
Calculate 11 - (-21 + 9 + -44 + -9 + 20).
56
Evaluate -15 + 50 + (-122 - -36).
-51
Evaluate (-26 - (2 + -17)) + -14 + 26.
1
2 - ((-9 - -5) + -17) - (-159 + 149)
33
Evaluate -57 + 22 + (-42 - 0) + 4.
-73
What is the value of (147 - 113 - ((-8 - -8) + -7 + 0)) + 10?
51
Evaluate 28 - (-11 - -3) - (28 + 11 + -34).
31
Evaluate -19 + (15 - -9 - -16) + (-10 - 1).
10
Evaluate 25 - (0 + 0 - (-2 + 3)) - (17851 + -17864).
39
Calculate -1 + 47 + (-263 - -245).
28
What is the value of (47 - (196 + -150)) + (2 + 3 - -1)?
7
Evaluate 20 - (-1 - -4) - (-6 + 15) - -8.
16
((-76 - -77) + -119 - -33) + (0 - 19)
-104
What is the value of -21 + 19 + (10 - 23) - 34?
-49
(34 - 44) + 4 - (-14 + 7)
1
(1 - -96 - 1) + 249 + (-359 - -99)
85
Evaluate (93 - -1) + (10791 - 10863).
22
What is the value of (-221 - -211) + (44 - (1 + 3)) - -12?
42
What is 18 - (-11 - (-21 + 18)) - 54?
-28
What is 73 - (-50 - -146) - -51?
28
What is the value of 59 + -38 + -15 + 60 + (6 - 7)?
65
Calculate 6 - (-1 - 7) - (-119 + 145) - 94.
-106
Calculate 83 + -79 + -19 + -16.
-31
Calculate 4 - -1 - (-2 - -15 - (73 - 87)).
-22
Calculate -19 + (0 - (3 + 0)) + 20 + -16.
-18
What is the value of (-86 - 9) + -19 + 10 + 5?
-99
Calculate 26 - 26 - (-7 + 1 + -4 + 0).
10
What is the value of (9 - (44 - 35 - (1 - 4))) + -7?
-10
1227 + -1275 + 4 + -13
-57
What is 110 + (301 - 275 - (66 + -4))?
74
Evaluate (-4 - -9) + 32 + (6 + (2 - -4) - 3).
46
What is the value of 1230 + -1227 + (98 - 5) + 5?
101
Calculate -28 - 0 - ((8 - (7 - -2)) + 3).
-30
Evaluate (-109 - -50 - -45) + 39.
25
Evaluate 196 - -24 - (-35 - -176).
79
What is 90 - 28 - (-27 + 137)?
-48
Evaluate 9 - (-15 + 4 + 10) - (17 + (-3 - -4)).
-8
What is -9 + -5 - (20 - (-10 - -48))?
4
Calculate (1 - 5) + (-2 - (-14 - -10)) + -4 + -15.
-21
-3 + ((-2 - (-4 - -3)) + 10 - 1)
5
-73 + 35 - (-47 + 41 + (-2 - 2))
-28
Calculate -9 + (12 - 17) + 25 + -2.
9
Calculate -24 + (48 - (-25 - (-9 - 20))).
20
89 + -74 - ((8 - 6) + 9)
4
Calculate (5 + -4 - 3) + (6 + 9 - (39 + -79)).
53
What is the value of -3 - 129 - (2952 + -3079)?
-5
What is (30 - -2 - (-22 - (-8 - (8 - 4)))) + -1?
41
Evaluate (-1 - -11) + (66 - 15 - 70) - (-126 + -1).
118
Calculate -4 + (8 - (-9 + -2)) - 31.
-16
Calculate -16 - (51 + -149 + 38).
44
Evaluate 2 - -4 - (360 - 285).
-69
Evaluate -55 + -9 + 49 + 65.
50
What is the value of 3 - (3 - -3) - (38 - (37 + 3))?
-1
What is the value of -237 - (-73 - (-98 + 137)